2 - 12*j + 2. List the prime factors of i(10).
2, 7
Suppose 7*q = 5*q + 418. List the prime factors of q.
11, 19
Let q be (-4)/(-6)*(-10 - 2). Let k = q - -11. List the prime factors of k.
3
Let x = 0 - -2. Suppose -64 - 8 = -x*a. Suppose -3*q + 6 + a = 0. What are the prime factors of q?
2, 7
Suppose -5*z - 351 = -3*j - 8*z, 2*z - 585 = -5*j. List the prime factors of j.
3, 13
Let h(l) = l**2 + l. Let p be h(0). Suppose -j + 4*j - 48 = p. What are the prime factors of j?
2
Suppose 5*w - 3*l = -274, -2*w = -6*w + 4*l - 224. Let v = 128 + w. Suppose -v = -5*f - 5*o, 52 = -f + 5*f + 2*o. What are the prime factors of f?
11
Let t(f) = 8*f**2 - 1. Let j(k) = k - 7. Let u be j(8). Let r be t(u). Suppose -5*l = -5*p - 25, -r*p + 4*p = -4*l + 22. What are the prime factors of l?
7
Let g(q) = q**3 - q. Let r be g(-1). Suppose r = 2*i + m - 59, 4*i + 2*m = i + 91. Suppose 4*l = l + i. What are the prime factors of l?
3
Let w be -3 - (1 + -1 - 134). Let m = w - 79. Suppose -5*z + 53 = -m. What are the prime factors of z?
3, 7
Suppose 0*i - 4*i = -20. Let t(q) = q**3 + q**2 + q - 8. Let l be t(0). Let r = i - l. List the prime factors of r.
13
Let d be (0 - 3)*200/(-12). Suppose 5*o + 5 = d. What are the prime factors of o?
3
Suppose 0 = 5*b - 2*d - 188, -2*b = -2*d - 67 - 13. List the prime factors of b.
2, 3
Let w(l) = l**3 + 12*l**2 - 16*l - 16. List the prime factors of w(-13).
23
Suppose -i - 3 = 1. Let s = -17 + i. Let b = 33 + s. What are the prime factors of b?
2, 3
Let d = -2 - -2. Let s = d - -10. List the prime factors of s.
2, 5
Suppose -25 = -4*t + 123. What are the prime factors of t?
37
Let f = -5 - 4. Let i = -5 - f. Suppose i = 4*b - 4. List the prime factors of b.
2
Let s(r) = 26*r - 10. List the prime factors of s(6).
2, 73
Let g = 0 + 3. Suppose g*m + 11 = 5*c - 33, 0 = -c + 4*m + 2. List the prime factors of c.
2, 5
Suppose -87 = -t - 38. List the prime factors of t.
7
Suppose 5*f = 2*h + 443, -5*f - 419 = 3*h + 233. What are the prime factors of h/(-9) + 2/(-6)?
2, 3
Let r = -65 - -261. List the prime factors of r.
2, 7
Let k(j) = 2*j**2 + 2*j - 1. What are the prime factors of k(-7)?
83
Suppose -2*r + 10 = -4*l - 34, -5*l - 47 = -2*r. Let o be ((-3)/(-2))/((-3)/(-10)). Suppose v + o*u = 43, 2*v + 4*u + r = 4*v. List the prime factors of v.
2, 3
Suppose -b = -u - 14 + 3, -4*b + 2*u = -36. Suppose -2*w - b = -31. List the prime factors of w.
2, 3
Let t(h) = -h**3 - 6*h**2 - 2*h - 2. Suppose 13 = -5*c - 17. What are the prime factors of t(c)?
2, 5
Let i = -3 + 3. Suppose 0 = 5*h + 3*w - 5, -3*h = -i*h - 2*w - 22. Suppose 5*a - 36 = -2*u, 0 = -4*a + h*u - 0*u + 40. What are the prime factors of a?
2
Let q = 317 - 167. List the prime factors of q.
2, 3, 5
Let s be (-11)/(-3) + 1/3. Let q = 26 - s. What are the prime factors of q?
2, 11
Suppose 0 = -c + 3 - 1. Let k = 2 - 5. List the prime factors of ((-10)/3)/c*k.
5
Suppose 5 = -d + 3. What are the prime factors of (33/6)/(d/(-12))?
3, 11
Let q = 183 + -75. What are the prime factors of q/(-45)*(-20)/6?
2
Suppose 3*k - 2*i = -2*k + 61, 5*k = -i + 52. List the prime factors of k.
11
Suppose -5*a + 45 = 4*n, 0 = 5*n - 4*a - 5. Suppose -2*p = -1 - n. Suppose 38 = 5*j - j - p*t, 4*t = -j. List the prime factors of j.
2
Suppose 6*b = -0*b + 294. What are the prime factors of b?
7
Suppose 3*y - 1 = 5. Suppose -s + 2*s + 2*b = -y, 3*b - 25 = -5*s. List the prime factors of s.
2
Let q be -1*(-2 + 3) - -6. Suppose -14 = -4*h + 3*z, q*h - 8 = 2*z + 6. List the prime factors of h.
2
Let f(z) = -20*z + z**3 - 2*z**3 - 1 - 12*z**2 + 8*z. Let u(j) = j**3 - j**2 - 2*j - 3. Let g be u(-2). What are the prime factors of f(g)?
2, 5
Let q(j) = -7*j**3 - 2*j**2 + 5*j + 4. Let h(l) = l**3 - l**2 + l + 1. Let z(x) = -6*h(x) - q(x). What are the prime factors of z(-9)?
2
Let r(v) = v**3 + 3*v**2 - 4*v + 5. Let p be r(-4). Suppose -75 = -5*n + p*f, f - 1 = -0*f. List the prime factors of 1 + n/(-1 + 3).
3
Let f be -11 - (-1 + 5 - 3). Let t(i) = i**2 - 8*i + 8. Let z be t(6). Let n = z - f. List the prime factors of n.
2
Let p = -3 - -7. Suppose 2*o - 2 = p. What are the prime factors of o?
3
Let j = 4 + 0. Suppose -2*i + 95 = 5*s + i, j*s - 84 = -4*i. What are the prime factors of s?
2
Let h(p) = 19*p - 10. What are the prime factors of h(3)?
47
Let q = -108 - -142. What are the prime factors of q?
2, 17
Let p(d) = 3*d - 8. Let x(g) = 2*g - 9. Let w be x(9). List the prime factors of p(w).
19
Suppose i + z - 4 = 0, 4*i + z - 16 = -i. Suppose 0 = i*v - v - 5*l - 97, 5*v - 229 = -l. List the prime factors of (-2)/(-6) - v/(-6).
2
Let b(h) = -h**3 + 11*h**2 - 10*h + 12. Let q be b(10). Let o = 5 - -2. Suppose -k + o = -q. List the prime factors of k.
19
Suppose -2*d - 2*i = -50, -7*i + 3*i - 4 = 0. What are the prime factors of d?
2, 13
Suppose -y + 84 = 3*j, 2 = 2*j - 4. What are the prime factors of y?
3, 5
Let f = -11 - -18. Suppose 2*p + 1 = f. List the prime factors of 52/16 - p/12.
3
Let q(n) = 2*n + 4. What are the prime factors of q(5)?
2, 7
Let u(f) = 16*f + 2. List the prime factors of u(4).
2, 3, 11
Suppose -5*f = 4*y - 6*f - 8, -4 = -2*y - 5*f. What are the prime factors of -4 + 4/y + 5?
3
Let u be (-2)/(-6) - (-5)/3. Suppose 0 = u*k - 4*k + 6. Suppose -2*p - 14 = -w + 3*p, -5*w = -k*p - 70. What are the prime factors of w?
2, 7
Suppose j - 8 = -2*j + d, -5*j + 16 = d. Suppose -4*y = j*n - 44, 4*y - 48 = -3*n + n. Let q = -6 + y. What are the prime factors of q?
2
Let u = 36 + 8. List the prime factors of u.
2, 11
Suppose 2*u + o + 0*o = 3, -3*o + 9 = 5*u. Let h = u - -7. List the prime factors of h.
7
Let g(x) = -x**2 + 10*x. Let p(m) = 5*m - 2. Let t be p(2). What are the prime factors of g(t)?
2
Suppose 3*a - 76 = -2*l, 5*a - 152 = 4*l - l. Let n be 42/(-3) - (3 - 0). Let b = n + a. List the prime factors of b.
11
Let s(b) be the second derivative of -b**4/12 + 7*b**3/6 - 2*b**2 - b. What are the prime factors of s(3)?
2
Let h(y) be the first derivative of y**4/4 + 2*y**3 + y**2 + 6*y - 7. List the prime factors of h(-4).
2, 3, 5
Suppose 2*l + q - 32 = 0, -52 = 2*l - 6*l + q. List the prime factors of l.
2, 7
Suppose -2*w - 20 = 3*w, -2*x + 2*w = -142. What are the prime factors of x?
67
Suppose 5*g - 33 = q, -g = -4*q - 13 - 24. What are the prime factors of q/28 - 298/(-14)?
3, 7
Let k(z) = -z**3 - 6*z**2 - 7*z - 6. Let b be k(-5). Suppose -3*q + 4*n = -0*q - 66, -b*n - 44 = -2*q. Let f = q - 13. What are the prime factors of f?
3
Let a(h) = h. Let z(f) = 2*f + 4. Let t(u) = -2*a(u) - z(u). Let d(g) = 2*g**3 + 2*g**2 - 2*g. Let v be d(-2). What are the prime factors of t(v)?
2, 3
Let n be (-57)/(-18) - (-1)/(-6). Suppose -d = -n*d + 98. List the prime factors of d.
7
Suppose 0 = -n + 4 - 0. List the prime factors of 18 - (-4 + -3 + n).
3, 7
Let x = -173 + 256. List the prime factors of x.
83
Suppose 3*d = 6, 2*i = -i + 2*d - 31. Let t(j) = -2*j - 8. What are the prime factors of t(i)?
2, 5
Let d = 14 + -8. Let u = 8 - d. Suppose 3*j - 28 = 5*n, 2*j - u*n - 22 = -j. What are the prime factors of j?
2, 3
Suppose -3*r = -6*r - 9, -2*b - r = -219. List the prime factors of b.
3, 37
Suppose -5*x - y - 10 = 0, -4*y + 0*y = x + 2. Let c be (-1)/2*x*2. Suppose k + 4 = 5*u + 3, -c*k - 4*u = -40. List the prime factors of k.
2, 7
Let v(m) be the second derivative of m**5/20 - 5*m**4/12 + m**3/3 + 3*m**2 + 5*m. What are the prime factors of v(5)?
2
Let a(j) = -j**3 + 17*j**2 + 23*j - 24. List the prime factors of a(18).
2, 3, 11
Suppose 0 = -7*q + 668 + 508. List the prime factors of q.
2, 3, 7
Suppose -8*i + 20 = -3*i + 4*u, 3*i - 12 = -5*u. List the prime factors of -3 + (3 - -4*i).
2
Let b(g) = g**2 + 10*g + 5. Let j be b(-12). Suppose 2*a - 109 = -j. List the prime factors of a.
2, 5
Suppose -k + 3*a = -2, 4*k - 3*a + 1 = -0*a. Let b = 4 - k. What are the prime factors of b?
5
List the prime factors of (-1)/(-2) + -1 - (-483)/14.
2, 17
Let t = 125 + -80. List the prime factors of t.
3, 5
Suppose 2*b + 0 - 6 = -5*z, b - z + 11 = 0. Let x(q) = -2*q - 2. What are the prime factors of x(b)?
2, 3
Suppose 0*q + 12 = 3*q, -3*p + 179 = 2*q. List the prime factors of p.
3, 19
Let q(d) = 138*d**3 + 2*d**2 - 2*d + 1. Let j be q(1). Suppose -52 = 3*p - j. List the prime factors of p.
29
Suppose -2*u + 19 = -18